se 5*f = -15, 0*f - x = -l - 2*f. Calculate the remainder when l is divided by 4.
0
Suppose -d + 33 = 3. Suppose -2*g + 166 = d. Let y = -57395 - -57405. What is the remainder when g is divided by y?
8
Let j = 137 - 135. Suppose -j*w + 6 = -72. Calculate the remainder when w is divided by 6.
3
Suppose -4*u = 7*w - 710, -3*w + 528 = 350*u - 347*u. What is the remainder when 517 is divided by u?
169
Suppose -511 = -16*q - 127. What is the remainder when (-2)/8 - (-345)/4 is divided by (1*5 - 352/q)*-3?
28
Let d be 0 + (4 - -1) + (28 - 29). What is the remainder when d/(8/10) + -3 + 48 is divided by 34?
16
Suppose 101 = 2*q - 115. Suppose -2952*w + 1216 = -2920*w. What is the remainder when q is divided by w?
32
Suppose -8*n + 201 = 153. What is the remainder when 94 is divided by (n - 66/15)/(1/30)?
46
Let v = -13691 + 13695. Calculate the remainder when (12/10)/(2/130) is divided by v.
2
Let j(i) = -8*i - 67. Let q be j(-10). Suppose 4*m - 53 = -q. Calculate the remainder when 48 is divided by m.
8
Suppose 5*j = 4*d - 2373, j + 1436 = 3*d - 341. Calculate the remainder when d is divided by 264/(-2)*(-3)/6.
64
Let c(r) = -r**3 + 16*r**2 - r + 12. Let d be (-3)/(-12) - 295/(-20). Calculate the remainder when c(d) is divided by 32.
30
Let n(t) = t**3 + 10*t**2 + 14*t - 1. Let d(h) = 3*h**3 - 6*h**2 - h + 1. Let u be d(3). Calculate the remainder when 4 + 1*-1 + (u - -21) is divided by n(-8).
4
Let v be 7912/(-52) + -3 + (-2)/(-13). Let u = v - -195. What is the remainder when 119 is divided by u?
39
Suppose -2*j = -6 + 2. Suppose -j*r = -19 - 9. Suppose -k + 10*f = 14*f - 63, -4*f = -8. Calculate the remainder when k is divided by r.
13
Let l = 19 + -140. Let v = l + 171. Suppose 0 = -t + 4 + 91. Calculate the remainder when t is divided by v.
45
Suppose -10*g + h + 267 = -7*g, 0 = g + h - 85. What is the remainder when 628 is divided by g?
12
Suppose -3*g = 2*t - 522, 3*t + t + g - 1054 = 0. Suppose -4*o - t = -4*w, 2*w + 2*w - o = 249. Let l = w + -50. Calculate the remainder when l is divided by 8.
3
Let d(f) = -f**2 + 12*f - 3. Suppose 4*y - 4*x = 20, -4*x + 17 = 2*y + x. Suppose -432 = -10*i + 528. Calculate the remainder when i is divided by d(y).
30
Suppose 5*l + 19 = 3*c + 220, 2*l - 5*c = 88. What is the remainder when 347 is divided by l?
35
Let g = -212 + 368. Let v = 171 - g. Calculate the remainder when (-3)/((-3)/26) - -2 is divided by v.
13
Suppose 4*k + 7566*t = 7561*t + 253, -5*k = 2*t - 380. Let c(d) = 16*d**2 + 1. What is the remainder when k is divided by c(-1)?
14
Suppose 0 = 5*a + 3*p + 1126 - 1391, 5*a - 4*p = 265. What is the remainder when 16904 is divided by a?
50
Let l = 4953 + -4896. Calculate the remainder when 305 is divided by l.
20
Let k(q) = 3*q + 147. Let j be k(-13). Let s = j + -98. What is the remainder when s is divided by (3 - -1) + 4/(-2)?
0
Let l(m) = 2*m**3 - 19*m**2 - 73*m - 24. What is the remainder when l(13) is divided by 52?
2
Let y(c) = -27*c + 57. Let n be y(2). What is the remainder when 70 is divided by (3 - (n - 5)) + -10 - -10?
0
Suppose 3*i - 10240 = -4*s + 7*i, 0 = 4*s + 2*i - 10246. What is the remainder when s is divided by 9?
5
Let d(k) be the first derivative of -k**4/2 - k**3 - k**2/2 + 8*k + 4. Let l be d(0). Suppose -l + 184 = 2*h. Calculate the remainder when h is divided by 10.
8
Suppose -8*c + 12 = -7*c. Let n be 737/4 + 9/c. Suppose 0 = 5*o + 5*h - n - 5, 2*o - 2*h = 56. What is the remainder when o is divided by 18?
15
Let q(n) = -2*n**3 + 112*n**2 - 4*n + 473. Calculate the remainder when 536 is divided by q(56).
38
Let v(x) = x**3 - 35*x**2 + 18*x + 655. Calculate the remainder when v(34) is divided by 24.
15
Let w(u) = 15*u + 25. Suppose 15*d = -21 + 6. Calculate the remainder when 99 is divided by w(d).
9
Let w = 90 - 55. Suppose 3 - 45 = -3*o - 3*d, 10 = 2*d. Calculate the remainder when (114 - o) + (-1 - 0 - 3) is divided by w.
31
Let y = -15 + 20. Suppose w + 0 = y. Suppose 729 = -w*q + 14*q. What is the remainder when q is divided by 23?
12
Calculate the remainder when 12578 is divided by (3/(-5))/(-6 + (-1790)/(-300)).
14
Let o be (-4)/(-14) + (-7800)/(-91) + -1. Suppose 0 = -89*h + o*h + 52. What is the remainder when 49 is divided by h?
10
Let l = -2798 - -2998. Calculate the remainder when l is divided by 16.
8
What is the remainder when 147 is divided by ((-32)/10)/2*(-14 - (-752)/(-32))?
27
Let a = -969 - -1527. What is the remainder when a is divided by 43?
42
Suppose 2 = 4*q - 14, -4*b - q + 524 = 0. Suppose 3*j = -3*r + 141, 65*j - 5*r = 67*j - 103. Calculate the remainder when b is divided by j.
42
Let p be 5/(-4) + 4*6/96. Calculate the remainder when 85 is divided by p + -7 + (-204)/(-4).
42
Let h(j) = 5*j**2 - 24*j - 735. Calculate the remainder when h(-19) is divided by 64.
54
Let a = 203 + 246. Let y = -270 + a. What is the remainder when y is divided by 20?
19
Let l be 1/(-5) + (-5)/(75/2382). Let i = -158 - l. Suppose -1 = 2*s - 3. Calculate the remainder when s is divided by i.
0
Suppose -2*u + 4*a + 30 = 0, 6*u - a - 45 = 3*u. Suppose -60*k + 62*k + 1653 = 5*n, -5*k = 45. Calculate the remainder when n is divided by u.
12
Suppose -314*n + 6237 = -281*n. What is the remainder when n is divided by 86?
17
Let k = -50 - -89. Let z = k - 36. Suppose 33 = z*p + 5*h - 1, 3*h - 6 = 0. Calculate the remainder when 21 is divided by p.
5
Let t(f) = -14*f - 41. Let a be 5*11/((-110)/12). What is the remainder when 470 is divided by t(a)?
40
Let x(g) = -12*g**2 + 2*g + 42. Let i be x(-5). Let s = 319 + i. Calculate the remainder when 58 is divided by s.
7
Let q = 171 + -43. Suppose 0 = 33*f - 35*f + q. What is the remainder when f is divided by 5?
4
Suppose d - 13261 = -4*a - 0*d, -5*a + 16595 = 5*d. Suppose a = 12*q + 1178. Calculate the remainder when q is divided by 13.
9
Let z = -8954 + 13969. Calculate the remainder when z is divided by 44.
43
Let k(t) = -49*t + 367. Calculate the remainder when k(5) is divided by 32.
26
Suppose -6*w = -w - 15. Suppose -2*p + 26 = 4*m, -2*p - w*p - 12 = -m. Let g(h) = 5*h**2 + 72*h - 235. Calculate the remainder when g(3) is divided by m.
5
Let k be ((-72)/60)/(1 + (-54)/50). Suppose -k*g = -17*g + 16. What is the remainder when 1/(-5) - 333/(-15) is divided by g?
6
Let j(v) = -6*v + 1135. Calculate the remainder when j(-58) is divided by 106.
105
Let a be (-2)/((-36)/69) + (-13)/(-78). Suppose 7 = 2*g + 1. Suppose t + 0*r + a*r = 132, g*r = 9. Calculate the remainder when t is divided by 31.
27
Suppose -36*b + 46 = -350. Suppose -24*f = -325 - b. Let p(g) = 7*g**2 - g + 1. Calculate the remainder when p(-3) is divided by f.
11
Suppose 37 = 6*b - 29. Let y = b + 42. Calculate the remainder when y is divided by 14.
11
Suppose 43*s + 341 = 1416. Let t = 103 - -120. Calculate the remainder when t is divided by s.
23
Let k(c) = -c**3 - 11*c**2 + c - 4. Let d be k(-11). Let b = -8 - d. What is the remainder when (171/6*(-4)/6)/(-1) is divided by b?
5
Suppose -8*r + 12*r - 8460 = -5*u, 6768 = 4*u - r. Calculate the remainder when u is divided by 32.
28
Let n = 5625 - 5543. Suppose -5*u + 20 = -90. Calculate the remainder when n is divided by u.
16
Let h(q) = 13*q - 1. Let v be (-1)/3 + (-22)/(-12)*4. Suppose 5*g = 12 - v. Calculate the remainder when 22 is divided by h(g).
10
Suppose -41*z = z + 3*z - 1755. What is the remainder when 12634 is divided by z?
37
Let s = 43 - -28. Suppose 5*p - s = -1. Calculate the remainder when 16 is divided by p.
2
Suppose 3*z - 17*y + 22*y = 252, 346 = 5*z - 4*y. What is the remainder when 248 is divided by z?
26
Let i = -6560 + 6562. Suppose -5*s + 47 = -323. Suppose c - 82 = -4*v, c + s = i*c + 2*v. What is the remainder when c is divided by 34?
32
Let d be (-7)/35 + 1/5. Suppose d*q = -q + 22. Let z = -5 + 66. Calculate the remainder when z is divided by q.
17
Suppose 4*d + 64 = 8*b, -4*b + 3*d - 21 = -57. Let f = 12 + -8. Suppose 5*z = 2*l - 57, f*l + 3 - 57 = -2*z. What is the remainder when l is divided by b?
4
Let l = 12 - 4. Let x = 107 - l. Suppose 7626*h - 7561*h = 1300. What is the remainder when x is divided by h?
19
Let i(r) = -4065*r + 317. What is the remainder when i(-2) is divided by 66?
65
Suppose p - 3*i - 503 = 0, 8*p - 5*i - 1521 = 5*p. Calculate the remainder when 1542 is di